9*i + 308176. Give r(-3).
-5
Let a(r) = r**2 - 49*r - 16703. What is a(150)?
-1553
Let p(g) = g**3 - 25*g**2 + 2562*g - 60901. Determine p(24).
11
Let y(s) = -33*s**2 - 2873*s - 684. What is y(-88)?
-3412
Let k(b) = -7109*b + 5999982. Calculate k(844).
-14
Let p(v) = -128*v**2 - 1432*v - 301. What is p(-11)?
-37
Let d(i) = 2*i**3 + 4*i**2 - 341*i - 2995. Give d(-9).
-1060
Let k(m) = 100097*m - 1001013. What is k(10)?
-43
Let h(w) = 46*w + 3634. Determine h(-118).
-1794
Let q(t) = 8*t**3 + 852*t**2 + 434*t + 1067. Determine q(-106).
7
Let s(a) = a**3 + 27*a**2 - 119*a + 165. Calculate s(-31).
10
Let a(u) = -u**2 + 113*u - 359. Determine a(107).
283
Let r(p) = -345*p + 104802. Calculate r(304).
-78
Let a(q) = -q**3 - 72*q**2 - 124*q + 17. Calculate a(-2).
-15
Let x(w) = -1200*w**2 + 31186*w + 376. Determine x(26).
12
Let o(l) = 232814*l + 19323545. What is o(-83)?
-17
Let j(y) = 4*y**2 + 530*y - 1238. Calculate j(-135).
112
Let y(u) = 2*u**3 + 142*u**2 + 122*u - 329. Determine y(-70).
931
Let v(s) = -676*s - 71177. Give v(-105).
-197
Let u(b) = -255*b**3 - 6119*b**2 + 17*b - 170. What is u(-24)?
-2
Let g(j) = 353652*j - 8487643. Give g(24).
5
Let d(h) = 637*h - 8639. Determine d(16).
1553
Let g(v) = 48*v**3 + 3310*v**2 - 154*v - 1125. Calculate g(-69).
-21
Let x(s) = -162278*s + 4056983. Calculate x(25).
33
Let b(t) = -41*t**2 + 1682*t - 7406. Determine b(36).
10
Let t(x) = 42*x**2 + 1285*x + 35. What is t(-31)?
562
Let b(r) = -3682*r - 3670. Give b(-1).
12
Let l(h) = -835740*h - 835729. Give l(-1).
11
Let u(j) = -124*j**2 + 5141*j - 11919. Calculate u(39).
-24
Let i(f) = -204*f + 30230. Determine i(147).
242
Let m(z) = 631*z + 3332. What is m(-5)?
177
Let o(t) = 553*t**2 - 4445*t + 161. Calculate o(8).
-7
Let m(j) = 42*j**2 - 747*j + 5999. Give m(8).
2711
Let n(d) = d**3 - 86*d**2 + 258*d - 215. Calculate n(83).
532
Let n(c) = -c**3 + 262*c**2 - 15561*c - 453. What is n(171)?
-453
Let u(b) = 6*b**3 + 13*b**2 - 69*b + 203. What is u(4)?
519
Let i(k) = 172*k**2 - 855*k + 29. What is i(5)?
54
Let y(c) = -201*c + 89. Determine y(0).
89
Let p(f) = 1553*f**3 + 3*f**2 - 3698*f + 3697. What is p(1)?
1555
Let r(t) = -t**3 + 61*t**2 - 219*t - 589. Determine r(57).
-76
Let m(h) = h**3 - 15*h**2 - 76*h + 761. Calculate m(6).
-19
Let c(y) = 2*y**3 + 30*y**2 - 585*y - 9524. Calculate c(-16).
-676
Let j(q) = 6*q**2 + 176*q + 318. Calculate j(-34).
1270
Let s(n) = -1206*n + 5314. Calculate s(6).
-1922
Let b(q) = 51*q**2 - 2343*q - 10488. What is b(50)?
-138
Let f(w) = -5*w**3 + 89*w**2 - 87*w + 348. Give f(17).
25
Let p(x) = -20624*x + 288772. Give p(14).
36
Let y(w) = 244609*w + 3913751. Calculate y(-16).
7
Let i(h) = -21*h**2 + 330*h + 748. Determine i(-2).
4
Let l(i) = i**3 + 7*i**2 - 227*i - 110. Determine l(-18).
412
Let u(w) = 7*w**2 - 2631*w - 173196. Give u(433).
4
Let z(w) = -20*w**2 - 11870*w + 5930. Determine z(-594).
-10
Let i(j) = -668072*j - 24050593. Give i(-36).
-1
Let a(r) = -297*r**3 + 10990*r**2 + 26*r - 2339. Calculate a(37).
-8
Let a(w) = 394*w + 85198. Give a(-216).
94
Let w(n) = -8*n**2 - 167*n + 885. Give w(-24).
285
Let y(t) = 207*t**3 + 7*t**2 - 7*t + 5. Determine y(1).
212
Let y(o) = -539*o**2 - 8*o - 4. Calculate y(2).
-2176
Let w(p) = 41658*p + 3041073. What is w(-73)?
39
Let p(u) = -3*u**3 - 256*u**2 + 126*u - 3969. What is p(-86)?
-13
Let d(c) = 2528*c + 32552. Give d(-13).
-312
Let a(r) = 2559*r - 808628. Calculate a(316).
16
Let a(c) = 3*c**3 - 1379*c**2 - 128283*c + 529. Calculate a(539).
-10
Let l(b) = -b**3 + 142*b**2 - 568*b + 1807. Calculate l(138).
-401
Let y(f) = f**3 + 46*f**2 + 450*f + 914. Give y(-11).
199
Let o(j) = -15*j**2 - 542*j + 196. Determine o(-37).
-285
Let r(y) = 3*y**3 - 18*y**2 - 15*y + 4. Determine r(-1).
-2
Let h(z) = -253*z**3 + 4300*z**2 + 25*z - 13. Calculate h(17).
123
Let l(b) = -b**3 + 94*b**2 - 2218*b + 446. What is l(48)?
-34
Let p(g) = -g**3 + 46*g**2 + 65*g - 5153. What is p(45)?
-203
Let b(z) = 3*z**3 - 23*z**2 + 55*z - 227. Determine b(7).
60
Let r(n) = 3232*n - 3490. Calculate r(1).
-258
Let v(n) = 120*n**3 + 11*n**2 - 31*n + 42. Calculate v(2).
984
Let w(l) = 8259*l - 73916. Calculate w(9).
415
Let d(f) = -49*f**3 + 2919*f**2 - 1651*f - 56. Calculate d(59).
3
Let p(d) = 2*d**3 - 194*d**2 - 611*d + 13. Give p(-3).
46
Let l(p) = -27*p**3 + 153*p**2 - 19*p - 15. Give l(5).
340
Let m(j) = 1259*j + 11444. Give m(-9).
113
Let l(v) = v**2 + 530*v - 22841. What is l(40)?
-41
Let o(b) = 112*b**3 - 3*b**2 - 57*b - 104. What is o(-2)?
-898
Let a(t) = 9*t**2 - 2622*t - 1263. Give a(292).
489
Let l(s) = s**3 + 138*s**2 + 1160*s - 58137. Give l(-125).
-12
Let o(j) = 653*j**2 + 364*j + 363. Determine o(-1).
652
Let n(d) = -2*d**3 - 9*d**2 - 190*d - 1294. Determine n(-6).
-46
Let c(y) = 672*y - 127694. Calculate c(190).
-14
Let t(r) = 3*r**3 - 85*r**2 - 3232*r - 898. Give t(50).
2
Let j(g) = 2358*g**2 + 7071*g + 11. Give j(-3).
20
Let p(g) = 8230*g - 139923. What is p(17)?
-13
Let q(v) = -v**3 + 74*v**2 - 222*v - 8488. What is q(69)?
-1
Let j(s) = -3*s**2 + 1181*s - 106048. Determine j(255).
32
Let s(d) = -9*d**2 + 680*d - 9320. Calculate s(58).
-156
Let g(d) = -d**3 - 67*d**2 + 29671*d - 150450. Give g(-211).
-7
Let y(d) = -416*d - 3008. Calculate y(-6).
-512
Let b(u) = 161*u - 1286. Give b(2).
-964
Let k(h) = 1775299*h + 3550604. Give k(-2).
6
Let k(c) = c**3 - 4*c**2 - 306*c + 2711. What is k(11)?
192
Let j(m) = 199*m**3 - 1011*m**2 + 11*m - 60. Determine j(5).
-405
Let i(d) = 6*d**2 + 4985*d + 29427. Calculate i(-6).
-267
Let u(w) = w**2 - 4934*w + 83656. Give u(17).
67
Let w(m) = -2*m**3 - 1083*m**2 + 59147*m + 136. What is w(50)?
-14
Let g(o) = -541135*o + 3787928. Give g(7).
-17
Let g(r) = 1669093*r - 5007273. What is g(3)?
6
Let f(i) = 22126*i - 110648. Determine f(5).
-18
Let c(l) = 30*l**3 - 3749*l**2 - 51*l - 9274. Determine c(125).
-24
Let u(z) = -2*z**2 - 7254*z - 1613163. What is u(-238)?
1
Let k(z) = -2*z**2 + 2851*z + 3354421. Calculate k(2191).
0
Let q(d) = 70*d**2 + 35041*d + 70078. Give q(-2).
276
Let l(t) = 598*t + 38869. Calculate l(-65).
-1
Let n(k) = k**3 + 13*k**2 - 370*k - 4353. Give n(-11).
-41
Let w(n) = -81*n - 3217. Calculate w(-54).
1157
Let p(w) = -901*w + 32397. Calculate p(36).
-39
Let u(d) = -14305*d + 19883943. What is u(1390)?
-7
Let c(q) = -1440*q - 94121. Calculate c(-66).
919
Let x(r) = 99951*r + 7196484. What is x(-72)?
12
Let w(r) = -6204*r + 24796. What is w(4)?
-20
Let l(i) = -49004*i - 735075. Calculate l(-15).
-15
Let v(z) = -3*z**2 - 456*z + 18970. Determine v(34).
-2
Let y(a) = -3*a**2 + 37*a + 61. Determine y(19).
-319
Let q(o) = -235276*o + 3293901. Give q(14).
37
Let y(b) = 3*b**3 + 15*b**2 + 13*b - 512. Calculate y(-7).
-897
Let t(z) = -z**2 - 13*z + 110. What is t(5)?
20
Let d(a) = -9001*a + 72269. Give d(8).
261
Let x(c) = -2*c**3 - 85*c**2 + 269*c + 9973. Determine x(-43).
255
Let q(o) = o**2 - 42*o - 5091. Give q(-53).
-56
Let o(l) = l**3 + 18*l**2 - 3*l - 58. Determine o(-18).
-4
Let z(k) = -4*k**3 - 410*k**2 - 5389*k + 426. Give z(-87).
-9
Let n(k) = 22*k**2 - 1154*k - 8242. Determine n(-7).
914
Let c(p) = -p**3 - 3*p**2 - 27972*p - 12. Calculate c(0).
-12
Let q(i) = -429*i**2 + 8589*i - 182. Give q(20).
-2
Let s(b) = -13*b**2 - 1283*b - 8017. Calculate s(-92).
-13
Let l(k) = k**3 - 76*k**2 - 135*k + 15758. Calculate l(75).
8
Let i(p) = -8231*p + 41190. What is i(5)?
35
Let d(x) = -92500*x + 554890. Determine d(6).
-110
Let a(i) = 157*i**3 - i**2 + 20*i - 48. What is a(3)?
4242
Let a(i) = -487*i**3 - 6*i**2 - 39*i - 43. Determine a(-2).
3907
Let m(k) = -1030*k - 55844. Determine m(-54).
-224
Let b(s) = -2*s**3 - 275*s**2 + 172*s + 4816. Give b(-138).
124
Let g(j) = 25*j**2 - 783*j + 988. Calculate g(30).
-2
Let t(b) = 7380*b - 2332061. Give t(316).
19
Let k(o) = -o**2 + 59*o + 2559. What is k(-34)?
-603
Let o(m) = -27*m**2 - 2514*m - 54271. Give o(-34).
-7
Let v(u) = 24988*u + 949548. Give v(-38).
4
Let h(j) = -27510*j + 247587. What is h(9)?
-3
Let k(s) = -8*s**2 + 2641*s - 25620. What is k(10)?
-10
Let z(a) = -179*a - 18031. Give z(-104).
585
Let b(s) = -25880*s + 595252. Determine b(23).
12
Let o(y) = 517336*y - 517339. Calculate o(1).
-3
Let b(r) = 696*r**2 - 14610*r - 155. Determine b(21).
-29
Let o(c) = -c**3 - 44*c**2 - 55*c - 67. Give o